= 52 - k. Calculate o(u).
-11
Suppose v = -2*w, 84*v - 85*v = -5*w + 21. Let l(j) be the first derivative of 25 + 1/2*j**2 - 6*j - 1/3*j**w. Give l(0).
-6
Let v(a) = -13*a - 75. Let y be v(-6). Let g(h) = -h**3 + 2*h**2 + 4*h - 7. Calculate g(y).
-4
Let m(a) be the second derivative of 0*a**2 - 12*a + 2 - 3/2*a**3. Calculate m(4).
-36
Let i(b) = 5*b**2 + 2*b**2 + 4*b - 8*b**2 + 11. Let u be i(6). Let x(r) = 3*r + 2. Let v(f) = -9*f - 7. Let a(y) = 6*v(y) + 21*x(y). Determine a(u).
-9
Let z(f) be the third derivative of -185*f**2 - 1/12*f**4 + 0 + 0*f + 2/3*f**3. Give z(4).
-4
Let a = 25 + -28. Suppose 3*i + 12 = -2*x, 0*i - 4*x = 2*i + 16. Let m be (-16)/i*(-9)/(-12) - a. Let k(s) = -s**3 + 10*s**2 - 10*s + 10. Determine k(m).
1
Let c = -743 - -745. Let y(k) = 11*k - 6. Let d(l) = 4*l - 3 + 5*l - 4*l. Let q(v) = -9*d(v) + 4*y(v). Give q(c).
1
Let b(s) = s**2 - 4*s + 3. Let v = 99 + -32. Let l = v - 62. What is b(l)?
8
Let u(f) be the first derivative of f**4/4 - 7*f**3/3 + 3*f**2/2 - 15*f - 1070. Calculate u(6).
-33
Suppose -3*a + 15 = 0, 7*y - 268 = 6*y - 4*a. Suppose -5*o = -268 + y. Let r(z) = -z**2 + 4*z**2 - 4 - 2*z**2 - 4*z. Give r(o).
-4
Suppose 222*q + 276*q - 152*q = 1384. Let x(h) = -h**2 + 8*h + 9. Let u(k) = k**2 - 9*k - 10. Let d(p) = -3*u(p) - 4*x(p). What is d(q)?
-10
Let g(z) = -z**2 + 17*z + 17. Suppose 0 = 9*f - 179 + 17. Let k be g(f). Let b(d) = 4*d + 3. Determine b(k).
-1
Suppose 13 = -2*k - 13. Let z be 17 + k - 2/1. Let r(f) = -z*f + 41 - 20 - 20 - 3*f. Give r(-2).
11
Let l be 0*((-108)/180 - 1*14/(-40)). Let j(v) = 11*v. Give j(l).
0
Let o(z) = 42*z + 12. Let w(f) = 83*f + 21. Let v(g) = 7*o(g) - 4*w(g). Give v(-1).
38
Let i(y) = 4*y**2 + 165*y + 45. Let n be i(-41). Let c(r) = -r**2 + r - 1. Let j(m) = -3*m**2 - 3*m - 4. Let s(a) = n*c(a) - j(a). Calculate s(7).
0
Let g(o) = o**2 - 4*o - 4. Let t = -96 - -100. Let i = 2 + t. Let x be g(i). Let h(k) = -k**3 + 9*k**2 - 10*k + 9. Determine h(x).
-7
Let q = 17642 + -17645. Let t(a) = -3*a - 29. Let y(d) = -2*d - 19. Let x(n) = -5*t(n) + 8*y(n). Determine x(q).
-4
Let o(v) = -v**2 - v - 46. Let a(c) = -2*c**3 - 11*c**2 + 12*c + 250. Let u(j) = a(j) + 6*o(j). What is u(-9)?
1
Let n(p) = 3*p**3 + 22*p**2 - 14*p + 4. Let d be n(-8). Let r(f) = f**2 + 15*f - 25. Give r(d).
-61
Let x(u) = -8*u - 197. Let o be x(-25). Let k be (o/(105/14))/((-1)/(-20)). Let v(f) = 2*f - 8. Give v(k).
8
Let y(r) = 27*r**2 - 15989 + 8031 + 27*r + r**3 - r**2 + 8009. Calculate y(-25).
1
Let y(l) = 37986*l**2 + 37973*l**2 + 4 + 8*l - 75967*l**2 + l**3. Calculate y(7).
11
Let f(i) = i**3 + 14*i**2 - 15*i + 18. Let u = 12804 - 12819. What is f(u)?
18
Let o be 8 - -3 - 90/10. Let p be (2/(-1))/((-3)/6). Let g(q) = 5 - p + 5*q - 4*q. Give g(o).
3
Let m(j) = j - 76*j**3 - 3*j + 77*j**3 - j**2 + 515 - 519. What is m(0)?
-4
Let z be (2/14)/(36/(-42)) + (-47)/6. Let p(q) = 11*q + 84. Give p(z).
-4
Suppose 8670*i - 8663*i - 56 = 0. Let j(p) = -2*p + 9. What is j(i)?
-7
Let u be (-136)/(-204)*30/4. Suppose l + 9 = -y, 46 = -5*l - 3*y + u. Let v(p) = p**3 + 7*p**2 + 2*p + 5. What is v(l)?
-9
Let g(n) = n**2 + 8*n + 3. Suppose 256*f - 56 = 264*f. What is g(f)?
-4
Let q(j) = 23*j + 111. Let g be q(-5). Let f(c) = c**2 + 3*c - 4. What is f(g)?
0
Let x be (-1)/(-3)*(0 + -34 + 34). Let z(i) be the second derivative of x + 3*i**2 + 11*i - 1/6*i**3. Calculate z(5).
1
Let o(q) = q**2 + 11*q + 9. Let b(t) = -11*t - 6. Let h be b(-1). Let c(n) = -2*n**2 - 23*n - 19. Let d(u) = h*o(u) + 3*c(u). Determine d(-11).
21
Suppose -2*p - 6 = 0, -33*s + 36*s = 2*p - 120. Let r(z) = -z**3 - 43*z**2 - 41*z + 54. Determine r(s).
12
Let k(a) be the first derivative of 7*a**2/2 - 8*a - 3148. Calculate k(3).
13
Suppose 11 = 24*r - 61. Suppose -5*v = -2*z - 10, -2*z + 25 = r*z. Let g(h) = h**3 - 5*h**2 + 4*h - 2. Calculate g(v).
-2
Let b(y) be the first derivative of 2*y**3/3 - 2*y**2 + 5*y + 2067. Give b(6).
53
Let z(d) = -14*d - 893. Let c(p) = -4*p - 299. Let w(f) = -11*c(f) + 4*z(f). Determine w(-24).
5
Let g(b) = -b**2 - 54*b + 360. Let x be g(-60). Let h(z) = 6*z + 66. What is h(x)?
66
Let d(c) = -40*c**2 - 1 + 38*c**2 + 18*c**3 - 19*c**3. Let p(f) = 4*f**3 - f**2 - 9*f + 5. Let i(n) = 3*d(n) + p(n). What is i(8)?
-6
Let j(b) = 8*b - 1. Let h = 191 - 346. Let f = 160 + h. What is j(f)?
39
Let k(p) be the first derivative of -2*p**3/3 - 3*p**2 + 3*p - 241. Suppose 4 + 16 = -4*w. Determine k(w).
-17
Let y(z) = 2*z**2 - z - 6. Let x(h) = h**2 + 4*h + 83. Let s(g) = -x(g) + y(g). What is s(12)?
-5
Let v(p) = 1. Let z = -180 + 401. Let d(k) = 0*k - 227 + k + k + z. Let s(q) = -d(q) - 5*v(q). What is s(-4)?
9
Suppose 2*a - 6 = 2*x, 2*a + x = -2*a + 32. Let k(z) = -5*z**2 - z + 8. Let p(h) = 9*h**2 + 2*h - 15. Let o(s) = a*k(s) + 4*p(s). Calculate o(5).
26
Let n(s) = -s**3 - 1. Let b(z) be the second derivative of -z**5/5 + z**4/3 - 5*z**3/6 + 66*z. Suppose t = 4*t - 3. Let v(w) = t*b(w) - 3*n(w). What is v(3)?
-3
Let v(n) be the first derivative of -n**5/20 + 2*n**4/3 - 4*n**3/3 + n**2 + 60*n - 76. Let u(b) be the first derivative of v(b). Give u(7).
-5
Let y(m) = -27*m - 28*m + 11*m + 57 + 121. What is y(4)?
2
Let b(k) = -9*k + 139. Let h(s) = -9*s + 156. Let w(f) = 4*b(f) - 3*h(f). Calculate w(11).
-11
Let u be 22/(-4)*(-3 - -1). Let x(j) = 4 - 13*j + j**3 - 3*j**3 - 7*j**3 - 22*j**3 + 31*j**3 + 12*j**2 - j**3. Give x(u).
-18
Let g be -15*(3/9)/(3/(-3)). Suppose -3*n + 2*s = -2*s + 4, 0 = -g*n + s - 1. Suppose n*w + 42 = 6*w. Let k(p) = -p**3 + 8*p**2 - 5*p - 9. What is k(w)?
5
Let t be (-21)/14*(-5)/3*-2. Let z be (-25)/t + (-1 - 7). Let v(i) be the first derivative of -i**2 - 4*i - 3. Calculate v(z).
2
Let n(k) = 16*k**2 + k - 1. Let q be 6/(18/39)*(1 + 0). Suppose o + q = m - 12, m - 45 = -3*o. Suppose m = -4*b + 34. Give n(b).
16
Let o be ((-24)/10)/(4/20). Let b be (o/(-5))/((-24)/80). Let v = 3 + b. Let z(w) = -w**3 - 5*w**2 - w + 2. Determine z(v).
7
Let f(z) be the second derivative of -2*z**4/3 - z**3/3 + 2*z**2 + 4290*z. Calculate f(1).
-6
Let v(q) = -2*q**2 + 16*q - 27. Let k = -147 - -152. Let n be v(k). Let b(j) = -j**2 + j + 4. What is b(n)?
-2
Suppose 4*o - 2*o + 2 = 0. Let x(n) = -n**3 - n**2 - n. Let d(p) = -6*p**3 + p**2 - 4*p - 6. Let a(c) = o*d(c) + 5*x(c). Suppose 1 - 7 = -h. Give a(h).
0
Let s(t) = t**2 - 13*t + 2. Let q(h) = -h**3 + 27*h**2 - 52*h + 62. Suppose -2*g + 38 = 3*w, -5*g - 25*w = -21*w - 109. Let y be q(g). Calculate s(y).
-10
Suppose 45*k - 49*k + 20 = 0. Suppose 7*h - k*h + 13 = 3*s, 5*h - 34 = -2*s. Let z(w) = 4*w**2 + 2*w + 4*w + 2 - 5*w**2. Give z(s).
-5
Let u(l) = -l**3 + 5*l**2 - l - 2. Suppose i + 12*w - 7*w = 578, -2*w = 10. Let m = 607 - i. Determine u(m).
10
Let v(q) = 10*q - 8*q + 2*q**2 - 5 + 2*q - 2*q - 11*q. Calculate v(7).
30
Let d = 8 - -118. Let p = 118 - d. Let f(b) = 2*b + 12. Determine f(p).
-4
Let s(v) = -v**3 + 11*v**2 + v - 7. Let h be 6/(-4)*42/(-9). Suppose -p = -4*y + 40, h*y + 5*p = 3*y + 64. What is s(y)?
4
Let j(z) = z**2 - 1. Let h(r) be the first derivative of 13*r**2/2 - 67*r - 28. Let y be h(5). Determine j(y).
3
Let r(g) = 2*g**2 - 48*g + 104. Let l(a) = -3*a**2 + 72*a - 155. Let q(s) = 15*l(s) + 22*r(s). Determine q(18).
71
Suppose -8*g + 277 = 253. Let m(t) = -319*t**3 + 158*t**3 + 162*t**3 - 4 + g*t**2 - t. Give m(-4).
-16
Let k(x) = -4*x + 14. Let u be k(5). Suppose 0 = -30*q + 37*q - 385. Let o(v) = 2*v + q*v**2 - 54*v**2 + 6*v + 0*v - 5. What is o(u)?
-17
Let x(k) = -k**3 - 11*k**2 - 64*k - 706. Let l be 98537/(-8873) + (-2)/(-19). Calculate x(l).
-2
Let l be (-1)/2 - (-324)/72. Suppose 4*x - 4 + 11 = -3*j, -l = -2*x. Let q(d) be the first derivative of d**2 + 1. What is q(j)?
-10
Suppose -21 = -5*q + 9. Let t(w) = -w**2 + 1 - w + q*w**2 - 3*w**2 + 5*w**2. What is t(1)?
7
Let v(m) = 0*m + 0*m + 8 - m + 3*m. Suppose 9733*c = 9750*c + 187. What is v(c)?
-14
Let m(a) = 2*a**3 + 2*a**2 - 2*a + 1. Let i = 58 + -56. Suppose 0*u - n + 7 = 4*u, -i*n = 2. Suppose -4*h - 6 = -u*g, 3*g + 6 = 8*g - h. What is m(g)?
3
Let l(o) be the first derivative of -o**4/4 + 11*o**3 - 69*o**2 - 62*o - 4461. Calculate l(28).
-6
Let g(v) be the first derivative of 17 + 1/2*v**2 - v + 1/3*v**3. Determine g(2).
5
Let u = -174 - -176. Let q(a) = -374*a**u + 752*a**2 - 1 - 377*a**2. Giv